 ten thousands digit of 12101?
1
What is the units digit of 8103?
3
What is the hundreds digit of 2799?
7
What is the hundreds digit of 11034?
0
What is the thousands digit of 1798?
1
What is the hundreds digit of 4346?
3
What is the thousands digit of 2350?
2
What is the units digit of 3623?
3
What is the thousands digit of 7424?
7
What is the tens digit of 6116?
1
What is the tens digit of 40657?
5
What is the hundreds digit of 8550?
5
What is the tens digit of 6592?
9
What is the tens digit of 1647?
4
What is the units digit of 311?
1
What is the thousands digit of 1106?
1
What is the hundreds digit of 5055?
0
What is the ten thousands digit of 94586?
9
What is the tens digit of 7574?
7
What is the units digit of 85872?
2
What is the hundreds digit of 2689?
6
What is the units digit of 6222?
2
What is the hundreds digit of 3429?
4
What is the tens digit of 2837?
3
What is the thousands digit of 7333?
7
What is the ten thousands digit of 66277?
6
What is the units digit of 33?
3
What is the tens digit of 346?
4
What is the tens digit of 113?
1
What is the units digit of 8415?
5
What is the ten thousands digit of 45504?
4
What is the thousands digit of 5704?
5
What is the tens digit of 686?
8
What is the tens digit of 555?
5
What is the thousands digit of 4326?
4
What is the hundreds digit of 2551?
5
What is the tens digit of 2759?
5
What is the tens digit of 11621?
2
What is the hundreds digit of 41537?
5
What is the hundreds digit of 11756?
7
What is the tens digit of 432?
3
What is the units digit of 3051?
1
What is the units digit of 1464?
4
What is the units digit of 6945?
5
What is the tens digit of 2605?
0
What is the units digit of 464?
4
What is the hundreds digit of 20329?
3
What is the hundreds digit of 2958?
9
What is the hundreds digit of 6681?
6
What is the ten thousands digit of 41801?
4
What is the ten thousands digit of 31895?
3
What is the thousands digit of 97879?
7
What is the hundreds digit of 166?
1
What is the hundreds digit of 6358?
3
What is the hundreds digit of 68578?
5
What is the ten thousands digit of 48413?
4
What is the tens digit of 9840?
4
What is the tens digit of 1168?
6
What is the tens digit of 2928?
2
What is the thousands digit of 36575?
6
What is the hundreds digit of 20846?
8
What is the hundreds digit of 2889?
8
What is the tens digit of 29900?
0
What is the units digit of 747?
7
What is the tens digit of 5741?
4
What is the thousands digit of 1650?
1
What is the thousands digit of 1467?
1
What is the hundreds digit of 773?
7
What is the tens digit of 2105?
0
What is the tens digit of 3605?
0
What is the tens digit of 77803?
0
What is the ten thousands digit of 171301?
7
What is the hundreds digit of 8135?
1
What is the tens digit of 9603?
0
What is the hundreds digit of 9001?
0
What is the hundreds digit of 120?
1
What is the units digit of 7?
7
What is the hundreds digit of 7455?
4
What is the thousands digit of 3940?
3
What is the ten thousands digit of 16991?
1
What is the ten thousands digit of 45068?
4
What is the units digit of 15856?
6
What is the hundreds digit of 5937?
9
What is the hundreds digit of 381?
3
What is the tens digit of 105964?
6
What is the tens digit of 14407?
0
What is the hundreds digit of 98202?
2
What is the tens digit of 6377?
7
What is the units digit of 1699?
9
What is the units digit of 4625?
5
What is the units digit of 1161?
1
What is the tens digit of 232?
3
What is the tens digit of 1649?
4
What is the thousands digit of 2943?
2
What is the hundred thousands digit of 101850?
1
What is the ten thousands digit of 18447?
1
What is the hundred thousands digit of 137456?
1
What is the tens digit of 20760?
6
What is the hundreds digit of 1085?
0
What is the tens digit of 2257?
5
What is the hundreds digit of 463?
4
What is the hundreds digit of 19236?
2
What is the tens digit of 6723?
2
What is the tens digit of 19360?
6
What is the tens digit of 7571?
7
What is the hundreds digit of 902?
9
What is the hundreds digit of 3015?
0
What is the hundreds digit of 2485?
4
What is the hundred thousands digit of 103596?
1
What is the hundreds digit of 688?
6
What is the hundreds digit of 142?
1
What is the thousands digit of 6095?
6
What is the units digit of 71599?
9
What is the tens digit of 16551?
5
What is the hundreds digit of 1714?
7
What is the units digit of 1487?
7
What is the ten thousands digit of 11655?
1
What is the ten thousands digit of 10527?
1
What is the tens digit of 81304?
0
What is the hundreds digit of 74673?
6
What is the hundreds digit of 907?
9
What is the tens digit of 16535?
3
What is the units digit of 36792?
2
What is the units digit of 1258?
8
What is the thousands digit of 7228?
7
What is the units digit of 19269?
9
What is the thousands digit of 9759?
9
What is the tens digit of 5020?
2
What is the hundreds digit of 698?
6
What is the units digit of 952?
2
What is the units digit of 11731?
1
What is the hundreds digit of 4063?
0
What is the units digit of 1719?
9
What is the units digit of 36294?
4
What is the units digit of 5357?
7
What is the ten thousands digit of 104462?
0
What is the ten thousands digit of 152126?
5
What is the tens digit of 6354?
5
What is the tens digit of 803?
0
What is the units digit of 6363?
3
What is the hundred thousands digit of 131376?
1
What is the hundreds digit of 6010?
0
What is the hundreds digit of 6974?
9
What is the thousands digit of 149564?
9
What is the hundreds digit of 1618?
6
What is the units digit of 48134?
4
What is the tens digit of 5034?
3
What is the thousands digit of 46774?
6
What is the hundreds digit of 62544?
5
What is the tens digit of 659?
5
What is the units digit of 654?
4
What is the tens digit of 5444?
4
What is the tens digit of 15138?
3
What is the units digit of 36476?
6
What is the hundreds digit of 84358?
3
What is the hundreds digit of 46049?
0
What is the hundreds digit of 1797?
7
What is the thousands digit of 6647?
6
What is the tens digit of 52270?
7
What is the tens digit of 5986?
8
What is the thousands digit of 70533?
0
What is the thousands digit of 4748?
4
What is the tens digit of 99?
9
What is the tens digit of 84?
8
What is the thousands digit of 8808?
8
What is the thousands digit of 84734?
4
What is the units digit of 44117?
7
What is the tens digit of 3995?
9
What is the tens digit of 30610?
1
What is the tens digit of 27152?
5
What is the hundreds digit of 3287?
2
What is the units digit of 1124?
4
What is the tens digit of 769?
6
What is the thousands digit of 8680?
8
What is the hundreds digit of 5194?
1
What is the units digit of 1996?
6
What is the tens digit of 8436?
3
What is the tens digit of 7182?
8
What is the tens digit of 580?
8
What is the thousands digit of 1406?
1
What is the tens digit of 1904?
0
What is the units digit of 65109?
9
What is the hundreds digit of 117588?
5
What is the tens digit of 82903?
0
What is the hundreds digit of 1924?
9
What is the thousands digit of 31188?
1
What is the thousands digit of 1391?
1
What is the ten thousands digit of 44549?
4
What is the hundreds digit of 33085?
0
What is the thousands digit of 4564?
4
What is the tens digit of 521?
2
What is the tens digit of 89961?
6
What is the tens digit of 3105?
0
What is the units digit of 7529?
9
What is the hundreds digit of 23984?
9
What is the thousands digit of 1239?
1
What is the ten thousands digit of 41070?
4
What is the tens digit of 1352?
5
What is the hundreds digit of 794?
7
What is the tens digit of 18049?
4
What is the hundreds digit of 657?
6
What is the tens digit of 1664?
6
What is the units digit of 1104?
4
What is the thousands digit of 1750?
1
What is the thousands digit of 2228?
2
What is the thousands digit of 10921?
0
What is the tens digit of 17546?
4
What is the units digit of 6046?
6
What is the tens digit of 5123?
2
What is the tens digit of 1349?
4
What is the tens digit of 24503?
0
What is the tens digit of 54?
5
What is the tens digit of 15?
1
What is the ten thousands digit of 17101?
1
What is the hundreds digit of 9399?
3
What is the units digit of 1026?
6
What is the tens digit of 89392?
9
What is the units digit of 27447?
7
What is the units digit of 6989?
9
What is the tens digit of 394?
9
What is the ten thousands digit of 51502?
5
